5401094921 a prime number?
True
Is 753599909 composite?
True
Is 120184157 a composite number?
True
Is 14297231297 prime?
True
Is 166570316357 a composite number?
True
Is 11756227349 a composite number?
False
Is 11759067319 a composite number?
False
Is 7105550891 a composite number?
True
Is 2582316449 a prime number?
True
Is 9870864623 a prime number?
True
Is 16569796231 a prime number?
False
Is 104678442719 prime?
True
Is 2152774567 prime?
True
Is 12832654907 composite?
True
Is 5147758277 prime?
True
Is 25468120931 a composite number?
True
Is 11681558939 a prime number?
False
Is 115159463 a composite number?
False
Is 100194443 a prime number?
False
Is 1776057341 a composite number?
False
Is 87050882207 composite?
False
Is 393319609 composite?
False
Is 6682106791 composite?
True
Is 2514418141 composite?
False
Is 95824109 a prime number?
True
Is 68381029 composite?
False
Is 29277310457 a prime number?
False
Is 246441187 composite?
True
Is 811734947 a composite number?
True
Is 796783451 a prime number?
True
Is 81830076313 prime?
True
Is 6667109695 a composite number?
True
Is 86078526397 composite?
True
Is 340852644523 composite?
True
Is 5747727157 composite?
True
Is 14369172611 prime?
True
Is 7895950859 a composite number?
True
Is 20074349 a prime number?
True
Is 64974335 a composite number?
True
Is 1980089387 a composite number?
False
Is 17225789287 a prime number?
False
Is 1167388631 a composite number?
False
Is 965598047 a composite number?
False
Is 953042183 composite?
True
Is 4176431777 a composite number?
True
Is 177340117 a prime number?
False
Is 24695483 a composite number?
True
Is 40817264737 a prime number?
True
Is 8932963 prime?
False
Is 32701796921 a prime number?
False
Is 9093021989 a composite number?
True
Is 104264203 prime?
False
Is 14632009033 composite?
True
Is 1041096653 prime?
False
Is 48109096253 a prime number?
False
Is 1733763631 prime?
False
Is 4142485021 a prime number?
False
Is 260934667 composite?
True
Is 15684522211 a prime number?
False
Is 44512218119 a composite number?
False
Is 7302422401 composite?
True
Is 13219502077 a composite number?
True
Is 12749762887 prime?
False
Is 435831401 a composite number?
True
Is 405219331 prime?
False
Is 737240927 prime?
False
Is 20487609413 prime?
False
Is 1085765986 a composite number?
True
Is 23456196839 prime?
True
Is 30645412571 a composite number?
False
Is 19030376173 composite?
True
Is 347017582 composite?
True
Is 2898732277 a prime number?
False
Is 99073747 a prime number?
True
Is 108338539 composite?
False
Is 3155363678 a composite number?
True
Is 4030808367 a prime number?
False
Is 127612662659 a composite number?
False
Is 366794797 prime?
False
Is 3965376053 prime?
True
Is 209183539 a composite number?
False
Is 520661951 a composite number?
False
Is 169003014643 prime?
True
Is 3983037699 a prime number?
False
Is 136711878599 prime?
True
Is 1015477399 a prime number?
True
Is 542305601 composite?
False
Is 37191317 prime?
False
Is 70388438557 a prime number?
False
Is 529432499 composite?
True
Is 18855657289 a composite number?
True
Is 243688451 a composite number?
False
Is 21050863 a composite number?
True
Is 10941065899 a prime number?
False
Is 10767990173 a composite number?
False
Is 305977172407 a prime number?
True
Is 53742842683 prime?
True
Is 78721244983 a prime number?
True
Is 626694407 a composite number?
False
Is 64894590751 a composite number?
True
Is 89690726767 a prime number?
True
Is 31012439 prime?
True
Is 41240853943 composite?
False
Is 42436011437 composite?
False
Is 174311903 composite?
False
Is 498533161 a prime number?
False
Is 599805785 a prime number?
False
Is 74538633769 a composite number?
True
Is 1123310663 a prime number?
False
Is 18274143211 prime?
False
Is 2461985017 composite?
True
Is 1084561141 prime?
True
Is 49801751947 a prime number?
False
Is 135996253 a prime number?
False
Is 342826931 prime?
False
Is 871530487 composite?
False
Is 10568401 a composite number?
False
Is 1796815961 a prime number?
True
Is 4037249467 a composite number?
True
Is 34802971607 a prime number?
False
Is 7270009 composite?
False
Is 171354023 a composite number?
True
Is 69155078737 prime?
False
Is 68079163597 prime?
False
Is 853918627 a composite number?
False
Is 12617323867 composite?
True
Is 197242898329 a prime number?
False
Is 948091253 prime?
True
Is 1303995587 composite?
False
Is 2870821133 a composite number?
True
Is 372524843 composite?
True
Is 7921986529 prime?
False
Is 18626544578 prime?
False
Is 18681160739 a prime number?
False
Is 17648514593 a composite number?
True
Is 8930059 prime?
True
Is 2237610829 prime?
False
Is 12745940303 prime?
False
Is 99207401621 a prime number?
False
Is 53765246719 a prime number?
True
Is 69470449231 composite?
True
Is 9272183101 a composite number?
True
Is 5392285313 a composite number?
False
Is 245402071 a prime number?
True
Is 1182159491 a composite number?
True
Is 284298661 a composite number?
True
Is 7695791 prime?
True
Is 436013477 composite?
True
Is 10072922137 a composite number?
False
Is 681197917 a composite number?
True
Is 3622252513 a prime number?
False
Is 199337297 composite?
True
Is 62400666373 a prime number?
False
Is 231111161 a composite number?
False
Is 136868539 a composite number?
True
Is 1916595817 a prime number?
True
Is 5144981279 prime?
True
Is 2065190803 composite?
True
Is 39619723729 a composite number?
False
Is 42429007 prime?
False
Is 19079623127 a composite number?
True
Is 31326781 prime?
True
Is 685331573 prime?
True
Is 1493765399 prime?
False
Is 1178861317 composite?
False
Is 83143932953 a composite number?
False
Is 1060400083 prime?
False
Is 3373961165 a prime number?
False
Is 726481379 prime?
False
Is 1728221467 a composite number?
True
Is 4673724619 prime?
True
Is 604784417 a composite number?
False
Is 12002290301 prime?
False
Is 2639059229 composite?
False
Is 2175484217 prime?
True
Is 995343821 prime?
True
Is 15555847 prime?
True
Is 5383043563 composite?
True
Is 4443813853 composite?
False
Is 656242579 prime?
True
Is 143921462891 a prime number?
True
Is 807197191 prime?
True
Is 697074083 a prime number?
False
Is 27157255078 a composite number?
True
Is 6686041855 a composite number?
True
Is 14444309687 a prime number?
True
Is 5786765203 composite?
False
Is 1069653614 a prime number?
False
Is 46170448197 composite?
True
Is 2780018663 a composite number?
False
Is 1017660157 a composite number?
True
Is 11904832021 a composite number?
True
Is 3651962233 composite?
True
Is 822224903 a prime number?
False
Is 75912642331 a prime number?
True
Is 174972685807 composite?
False
Is 4751794847 prime?
False
Is 161328361447 prime?
False
Is 1285074619 prime?
True
Is 2558749987 prime?
False
Is 3980382257 a prime number?
False
Is 180170590661 a prime number?
False
Is 5820670837 composite?
False
Is 13077455039 prime?
False
Is 380776031 a prime number?
True
Is 1184143885 a prime number?
False
Is 13141089251 prime?
False
Is 32425603187 prime?
True
Is 75359553119 composite?
False
Is 25109984213 composite?
False
Is 303472903 prime?
True
Is 548053481 prime?
True
Is 560079133 a composite number?
True
Is 63625249 a prime number?
True
Is 128144911241 a prime number?
True
Is 5516667437 a composite number?
True
Is 4681625187 composite?
True
Is 3758889821 prime?
True
Is 305757463 prime?
False
Is 5992444401 a prime number?
False
Is 275671621 prime?
False
Is 1011567829 composite?
True
Is 19710956327 composite?
True
Is 13362400031 a composite number?
True
Is 4474400435 prime?
False
Is 2917517159 prime?
True
Is 102183372173 a prime number?
True
Is 22821014767 prime?
True
Is 48555427 prime?
False
Is 8697135917 composite?
False
Is 1095986447 a prime number?
False
Is 3557526517 a prime number?
True
Is 77486171981 a prime number?
False
Is 11681248483 a composite number?
False
Is 150777205 a composite number?
True
Is 41409273667 a composite number?
True
Is 2649208663 composite?
True
Is 2470183409 composite?
False
Is 1441939199 a prime number?
True
Is 54623273 a prime number?
True
Is 54411465799 composite?
False
Is 20035799083 prime?
False
Is 6362339857 composite?
False
Is 4977789511 a prime number?
False
Is 427881345355 a composite number?
True
Is 127486515281 a composite number?
False
Is 907241309 composite?
True
Is 14221795319 